w(y) = -y**2 - 4*y - 5. Let m(p) = p**2 + 5*p + 6. Let a(o) = -5*m(o) - 6*w(o). Let x be (40/4)/(-5) + 3. Determine a(x).
0
Suppose -j = -7 + 67. Let a be 1/(-4) - 195/j. Let s(n) = 3*n**3 + 3*n**a + 6*n + 3 - 5*n**3 - 6*n**2. Calculate s(5).
8
Let l(i) be the first derivative of -i**5/60 + i**3 - 14. Let n(j) be the third derivative of l(j). What is n(5)?
-10
Let u(k) = 3 - 1 + 3 + k. Suppose 6 = -y - r, 8*r = 11*y - 13*y. Determine u(y).
-3
Let n be (2/4)/((-1)/(-4)). Let j(d) be the first derivative of d**5/60 - d**4/12 + d**3/2 + 6*d**2 + 1. Let x(w) be the second derivative of j(w). Give x(n).
3
Suppose 0*n + n = 1. Let b(g) = 0*g - n + g - 2*g + 0*g. What is b(-6)?
5
Suppose -2*w + 1 - 25 = -2*j, -4*j - 5*w = -21. Let x(q) = q**3 - 10*q**2 + 6*q + 3. Determine x(j).
-24
Suppose -3*g = -8*g + 15. Suppose 4*d - o - 12 = 0, -3*o - 7 = d + g. Let t(q) = 9 - 8*q - q**2 + d*q + 0*q**2. Give t(-8).
-7
Let i(m) be the first derivative of -m**2/2 - 8*m - 655. Calculate i(0).
-8
Let z(o) = -34*o + 32. Let f(j) = -12*j + 11. Let k(d) = 11*f(d) - 4*z(d). Let m = -4 - -9. Give k(m).
13
Let p(d) = d**3 + 5*d**2 + 4*d + 3. Let l be ((-9)/6)/((-3)/18). Let h(s) = -s**3 - 2*s**2 + s - 1. Let y be h(-3). Suppose -y = -g - l. Calculate p(g).
3
Suppose -4*a - 4 = 4. Let d(x) be the first derivative of x**5/20 - x**4/12 - x**3/6 - x**2 + 23*x - 9. Let g(l) be the first derivative of d(l). What is g(a)?
-12
Let v(c) = 23*c - 48*c + 29*c + c**2 - 1. Let u(m) = m - 1. Let h be u(-2). Let b = -8 - h. Give v(b).
4
Let p = 42 + -39. Let q(z) = -4*z + 8. Determine q(p).
-4
Let z = -247 - -243. Let c(k) = k**3 + 5*k**2 + 3*k - 6. Give c(z).
-2
Let f(m) = m**3 - 6*m**2 - 2*m + 12. Let g be f(6). Let j(q) be the third derivative of -1/24*q**4 - 4/3*q**3 + 0 + 5*q**2 + g*q. Calculate j(-6).
-2
Let g(i) = i**2 + 4*i. Let h(n) = -n**3 - n**2 + 12*n - 5. Let q be h(-4). Give g(q).
5
Let l(p) = 4*p + 3. Suppose -5*y + 0*y = 15. Let u(a) = -a**2 - 4*a - 1. Let g be u(y). Suppose 5*c + 4 = c + g*q, 0 = 2*q + 4. Determine l(c).
-5
Let x be 7/2 - 9/(-18). Let h = 7 - x. Let c(p) = 11 - h*p - p - 9. What is c(-2)?
10
Let a = 8 + -7. Suppose 10 = 3*l + a. Suppose -6 = l*o + 9. Let p(h) = -h + 5. What is p(o)?
10
Let g(u) = -10*u**3 - 2*u + 7. Let c be g(-3). Let h(o) = -1 + 286*o - 572*o + c*o. Give h(1).
-4
Let p(t) = t**2 - 5*t + 1. Let q be p(3). Let s(l) = -l**2 - 7*l - 4. Let v(g) = 2*g**2 + 14*g + 7. Let c(w) = q*s(w) - 3*v(w). Give c(-8).
-9
Let t(n) be the second derivative of n**5/20 - n**4/4 + n**3/6 + 3*n**2/2 + 2*n. Let x be t(3). Let p(s) = 9 - 14*s + 7*s - s + s**3 - 5*s**2. Give p(x).
-3
Let y(f) be the second derivative of 4*f**4/3 - f**3/6 - f**2/2 + f. Let n = -77 + 76. Give y(n).
16
Suppose t + 13 = 5*c, -6 + 1 = c - 4*t. Let v(d) = -15*d**3 + 2*d**2 - 2*d**2 + 14*d**c + 4*d + 3. Calculate v(-2).
3
Let w(o) = -9*o**2 + 532*o**3 + 3 + 7*o**2 - 531*o**3 - 3*o. Determine w(3).
3
Let d = -11 + 13. Suppose d*l - 6*l + 8 = 0. Let a(k) = 3*k - l - k + 4*k**2 - k**2 - 4*k**2. Give a(4).
-10
Let j(c) = -2*c**2 + 2*c + 3. Let q(m) = m + 9. Let d be q(-6). Suppose d*z - 6 = 2*b + 5, 8 = 3*z + b. Calculate j(z).
-9
Let w(h) = -2*h**3 + 3*h**2 - 1. Let b be 12/40*5 - 6/(-12). Determine w(b).
-5
Let g = 163 + -168. Let b(t) = t**3 + 6*t**2 + 3*t - 3. Give b(g).
7
Let p(a) = 21*a. Suppose -7*s + 14 = -0*s. Let c be s/6 - 8/6. Give p(c).
-21
Let p(c) = -3*c**2 + 20*c - 10. Let l be p(6). Let i(z) be the first derivative of 2*z - l*z**2 + 1/3*z**3 + 1. What is i(5)?
7
Let y be 0 - 0 - (-14)/(-14). Let c(h) = -6*h**3 + 2*h**2 - 1. What is c(y)?
7
Let s(w) be the third derivative of 5*w**5/12 - w**3/6 - 3*w**2 + 14. Determine s(1).
24
Let h(p) = 15*p**2 - 2*p + 1. Let a be h(1). Let x be 4 + -1 + 112/a. Let r = -10 + x. Let k(n) = 5*n**2 + 1. Determine k(r).
6
Let g be (10/8)/((-2)/8)*-1. Let p(n) = -12 - g*n + 32 - 20. Let c be ((-2)/4)/(2/(-4)). What is p(c)?
-5
Let y(b) = b. Let n be 1 - -1 - 23/1. Let m = n + 21. Determine y(m).
0
Let r(k) = -k**2 + 12*k - 10. Let l = 34 - 22. What is r(l)?
-10
Let o(p) be the third derivative of 1/120*p**6 - 10*p**2 + 3 + 0*p - 5/3*p**3 - 1/12*p**4 + 7/60*p**5. Determine o(-7).
4
Let w(a) = 13*a + 1. Let n(c) = -3*c + 1. Let m(y) = -4*n(y) - w(y). Suppose 0*j - 5*g - 9 = -2*j, -3*j = 5*g + 24. Give m(j).
-2
Suppose -2*t + 30 = 3*t. Suppose -3*v - 4 = -5*h + t, -3*h + 15 = 0. Let o(u) = -4 + 15 + u - v - 9. Calculate o(0).
-3
Let t(v) be the second derivative of v**5/20 + v**4/3 - v**3 + v**2/2 + 3*v - 7. Let w(j) = -4*j + 2. Let f be w(3). Let g be (-22)/4 + (-5)/f. What is t(g)?
6
Let j(v) = 2*v + 4. Let h(t) = t + 4. Let l(y) = -5*h(y) + 4*j(y). Let b = 1506 - 1503. Calculate l(b).
5
Let d(m) = -7 + 7 + 1075*m**2 - 2156*m**2 + 3*m + 1077*m**2. Let u(s) = s + 2. Let y be u(0). Give d(y).
-10
Let g(m) be the first derivative of m**6/120 + m**5/15 - 5*m**4/24 + 7*m**3/6 - 7*m**2 + 23. Let v(q) be the second derivative of g(q). Determine v(-5).
7
Let q(j) = j**3 - 2*j**2 - 3*j + 3. Let p be q(3). Let m be (-4)/(-18) + 40/(-18). Let b be -2*(p/2 + m). Let v(w) = -6*w**2 - w + 1. Calculate v(b).
-6
Let d(b) = 15*b**2 - 26*b + 34*b**3 - 83*b**3 - 11 + 48*b**3. Determine d(13).
-11
Suppose 6 - 14 = -b. Let i(d) = b*d + 0 - 7*d + 0 + 5*d**2. Give i(-2).
18
Let l(z) = -6*z + 1. Let q(s) = -15*s + 31. Let g be q(2). What is l(g)?
-5
Suppose 30 + 7 = -5*g - 4*l, -2*g + 5 = -5*l. Let z(c) be the second derivative of -c**4/12 - 5*c**3/6 - c**2/2 + 3*c. Give z(g).
-1
Let k = -2 + 3. Let x(o) be the second derivative of 5*o**3/6 + 768*o. What is x(k)?
5
Let w be 1 - 7 - (2 - 0). Let d(f) = f + 12. Let x be d(w). Let o(i) = i + 1. Calculate o(x).
5
Let u(k) = -k**3 + 4*k**2 - 4*k + 3. Let m be u(2). Suppose -9 + m = 3*h. Let f(j) = -3*j**2 - 2*j - 3. Give f(h).
-11
Let n(b) = 19 + 2*b + 0*b**2 - 4*b**2 - 8*b + 3*b**2. Give n(-8).
3
Let f(g) be the first derivative of g**4/4 - 2*g**3 + 5*g + 67. What is f(6)?
5
Let p be ((-4)/10)/(3/15) + -1. Let f(c) = -16*c**3 - 26*c**2 - 16*c - 6. Let u(b) = -3*b**3 - 5*b**2 - 3*b - 1. Let d(q) = 2*f(q) - 11*u(q). Give d(p).
-4
Let j = -12 + 14. Let l(d) = 4*d + 5. Let k(g) = 13*g + 14. Let p(s) = j*k(s) - 7*l(s). Determine p(-5).
3
Let x(t) = -96*t - 63. Let m(c) = 6*c + 4. Let n(g) = -33*m(g) - 2*x(g). What is n(-5)?
24
Let c(s) = 2*s + 1. Let k be (-4)/16*-1*0. Suppose 4*d - 7*d + 6 = k. Calculate c(d).
5
Let t(b) = b**3 - 2*b**2 + 9*b - 4. Let f(j) = -j**3 + 2*j**2 - 12*j + 4. Let x(n) = 2*f(n) + 3*t(n). Give x(3).
14
Let a(x) = 2*x. Let h be a(1). Let u(v) = 5*v + 134194 - v + v**2 - 134197 - v**3. Calculate u(h).
1
Let n(w) = -w + 4. Suppose 0 = -0*z + 3*z - 2*i - 30, z + i - 5 = 0. What is n(z)?
-4
Let q(n) be the second derivative of n**6/120 + n**5/30 - 7*n**4/12 + 16*n. Let y(m) be the third derivative of q(m). Give y(-3).
-14
Suppose 2*w + 2*w - 40 = 0. Let g = w + -19. Let n(a) = 7*a - 11. Let q(d) = 3*d - 5. Let o(t) = g*q(t) + 4*n(t). What is o(3)?
4
Let t(b) = -6*b**2 + 4*b + 1. Let u(r) = -11*r**2 + 10*r + 1. Let j(q) = 9*t(q) - 5*u(q). Give j(13).
-9
Let s(h) = h**3 - 4*h**2 + 3*h + 1. Let y = 12 - 2. Let o = y + -7. Determine s(o).
1
Suppose 7*o - 2*o + 3*s = 93, -5*o = s - 101. Let b(v) = 13*v**2 - v. Let u be b(-1). Let a(k) = 10 - 3 - o*k + u*k + 8*k. Give a(-5).
2
Let l = 16 - 13. Suppose -3*v + 21 = -4*z, -2*z + 6*z - 21 = -l*v. Let t(r) = -r**3 + 8*r**2 - 6*r - 9. Calculate t(v).
-2
Let l(p) be the third derivative of 0*p**3 + 1/60*p**5 + 0*p + 0 + 5*p**2 + 1/3*p**4. Calculate l(-8).
0
Let p(j) = -j**2 - j + 1. Let u(z) = -z**2 - z + 15. Let n be u(3). Let t be -2 - (-2 + -5 + 2 + n). Give p(t).
1
Let y be (13 - -1) + 1 + -9. Let h(q) be the second derivative of y*q + 0 - 1/6*q**3 - 5/2*q**2. Determine h(-5).
0
Let f(c) = c - 1. Let x(r) = -r + 8. Let y be x(9). Let a(g) = -2*g**2 + 10*g - 9. Let d(t) = y*a(t) + 5*f(t). Calculate d(3).
7
Let m(g) be the second derivative of g**4/24 - g**3/2 - 5*g**2/2 - 31*g. Let l(t) be the first derivative of m(t). Give l(0).
-3
Let k(o) = o**3 + o. Let h = -96 - -95. Give k(h).
-2
Let m(g) = -3 + g + 3 + 3. Suppose -92*n + 4 = d - 90*n, -4*n - 4 = 0. Give m(d).
9
Let k(n) = -n - 1. Let m(b) = b + 2. Suppose -2*q + q + 11 = -3*h, 2*h + 10 = 0. Let r be m(q